ime factors of h.
3, 7
Let y(a) = 5*a**2 - a. Let t be y(-2). Suppose 2*p + 3 - 27 = 0. Suppose -5*w + p = 2*i - 6, 3*w = -4*i + t. What are the prime factors of w?
2
Let c(a) = 2*a**2 + 10*a + 8. List the prime factors of c(-7).
2, 3
Suppose 0*n - 2*n - 253 = -u, 5*u = 3*n + 1237. List the prime factors of u.
5, 7
Let i = 83 + -38. Suppose -3*a + i = 2*a. Let z(o) = o**3 - 9*o**2 + 6. What are the prime factors of z(a)?
2, 3
Let g = -58 - -133. List the prime factors of g.
3, 5
Let u be 33/7 + (-28)/(-98). Suppose u*g + 76 = 241. List the prime factors of g.
3, 11
Suppose 16*a - 400 = 8*a. List the prime factors of a.
2, 5
Suppose 0 = 2*o - 3*o + 56. Let j = o + -23. What are the prime factors of j?
3, 11
Suppose 0 = 5*t + 5*n - 23 - 42, 5*t - 2*n - 86 = 0. Suppose 0*w = 3*w + 3, -4*w - t = -4*x. Suppose -2*d = d + 15, h = -d - x. What are the prime factors of h?
2
Let z(f) = -f**3 + f + 19. Let i be z(0). Suppose 21*n = i*n + 48. List the prime factors of n.
2, 3
Let f = 38 - 64. Let u be (f/(-6))/(3/9). List the prime factors of u/((6/3)/2).
13
Suppose w - 26 = -2*q - w, 0 = -5*w. Let g = q + -11. What are the prime factors of g?
2
Let v = 20 + -5. Suppose z - 4*b = 4*z - v, -20 = -4*z + 5*b. Suppose -z*q + 13 = -62. List the prime factors of q.
3, 5
Let f be 27/6 + (-2)/4. Suppose f*v - 29 - 23 = 3*y, -4*v = 5*y - 20. Suppose 0 = -2*l + 40 - v. What are the prime factors of l?
3, 5
Let g = 140 + -34. What are the prime factors of g?
2, 53
Let o be 3/(-3 + (0 - -4)). Suppose -4 = -4*d + 2*d, o*d = -2*g + 74. List the prime factors of g.
2, 17
Suppose -5*z + 0*z + 30 = 0. Let o = z - 7. List the prime factors of (-6)/o*1/3.
2
Let h = 2 + -1. Let c be 0/(-2)*h/2. Suppose 2*y + c = 14. List the prime factors of y.
7
Suppose -243 = -5*i + 147. What are the prime factors of i?
2, 3, 13
Let z be -6*(-1)/(-2) + 16. Suppose -14 - z = -3*q. What are the prime factors of q?
3
Suppose 0 = 3*n - 509 + 2. What are the prime factors of n?
13
Let n(t) = 3*t - 3. Let i(d) = 1. Let z(l) = -2*i(l) - n(l). Let q = 4 + -7. List the prime factors of z(q).
2, 5
Let o(p) = 2*p**2 + 6*p - 26. What are the prime factors of o(6)?
2, 41
Let c be 9/15 + (-86)/10. Let d be (-4)/((-2)/(-2)*-1). Let i = d - c. What are the prime factors of i?
2, 3
Let m(r) = -20*r + 86. List the prime factors of m(-10).
2, 11, 13
Let n(k) = -2*k - 7. Let x be -2*(1 - 2) + -17. Let s = x - -8. List the prime factors of n(s).
7
Suppose 3*a = 4*a + 5*g - 10, 2*a - 3*g = -6. Suppose -5*x = d, 2*d - 4*x - 14 = -a*d. What are the prime factors of d?
5
Let t = -22 - -37. List the prime factors of t.
3, 5
List the prime factors of 14 + -8 - 3*(-3 - -2).
3
Let r(n) = 7*n**3 + n - 1. What are the prime factors of r(1)?
7
Let v be -5 + 2 - (0 - 0). Let d(s) = 2*s**2 + 5 + s**3 - 1 + s**2. What are the prime factors of d(v)?
2
Let w(u) = 2*u + 2. Let v be w(-4). List the prime factors of ((-4)/v)/(6/45).
5
Suppose w - 29 = -t, -w - 3 = -0*w. What are the prime factors of t?
2
Let k(r) = r**3 + 7*r**2 + 6*r + 5. Let m be k(-6). Suppose 1 - 6 = m*u. List the prime factors of (-12)/(-1) - (u - -3).
2, 5
What are the prime factors of (0/(-2) - -18) + 3?
3, 7
Let v(k) = -k**3 + 7*k**2 - k. Let o be 9 + -2 - (0 + 1). Let h be v(o). Suppose 3*x - 2*s - 17 - h = 0, -2*x + 26 = -4*s. What are the prime factors of x?
17
Suppose 0 = 4*y - 53 - 83. List the prime factors of y.
2, 17
Let s = 1 + 1. Suppose 0 = -2*w + 3*w - s. What are the prime factors of w?
2
Suppose -2*x - x - 4*y = -3, 4*x = -5*y + 5. Let g = -2 + x. List the prime factors of g.
3
Let q be 0/(-4) - (-7 - -3). Suppose -q*m - 16 + 120 = 0. List the prime factors of m.
2, 13
Suppose -3*w - 4*k + 47 = 0, 0 = -4*w - w - 4*k + 89. Let b = 12 + -10. Suppose b*p - w = -p. List the prime factors of p.
7
Let q(p) = -p**2 + 7*p - 7. Let c be q(5). Let x = c - 3. Let b = x - -12. List the prime factors of b.
2, 3
What are the prime factors of (4 - (-160)/(-28))*-49?
2, 3, 7
Let q = 30 + 2. What are the prime factors of q?
2
Let a(g) = g**3 - 7*g**2 + 7*g. Let j be a(7). Suppose -j + 11 = -r. What are the prime factors of r?
2, 19
Let m(p) = 104*p**2 + 3*p - 1. What are the prime factors of m(1)?
2, 53
Let m(d) = d**2 - d - 2. Let p be m(2). Suppose p*a + 3*n - 27 = -2*a, 5*a - 64 = -4*n. What are the prime factors of a?
2, 3
Let u = -59 - -125. List the prime factors of u.
2, 3, 11
Let g(j) = j**2 + 2*j - 3. Let d be g(-3). Suppose -3*f + 93 = 3*p - d*f, f = -4*p + 118. What are the prime factors of p?
29
Suppose -226 = 5*p + 89. What are the prime factors of 1/(p/(-30) - 2)?
2, 5
Let i(a) = 6*a - 10. What are the prime factors of i(5)?
2, 5
Let j(h) = 2*h + 5*h**3 - 1 - h**2 - 4*h**2 + 8*h**2. Let z be j(-2). What are the prime factors of z/(-4) + (-1)/4?
2
Let y = 3 + 1. Let o be 14*(2 + (-6)/y). Suppose 2*l - o = -3. List the prime factors of l.
2
Let s = 4 + -2. Let f be (2/s)/(1/5). List the prime factors of ((-2)/f)/((-2)/50).
2, 5
Let n = -29 + 5. Let s = 44 + n. List the prime factors of s.
2, 5
Let b = 258 + -175. What are the prime factors of b?
83
Suppose -214 = -2*j - 2*i, 7*j + i - 323 = 4*j. What are the prime factors of j?
2, 3
Let a = 11 + -6. Let f(x) = x**2 - 3*x - 4. List the prime factors of f(a).
2, 3
Let z(n) = 7*n + 5 + n**2 + n**2 + 0*n. Let f be z(-5). Suppose -f = -g - 4*g. What are the prime factors of g?
2
Let c(s) be the second derivative of s**7/420 - s**5/120 + s**4/6 - s. Let y(k) be the third derivative of c(k). List the prime factors of y(-1).
5
Suppose m + 6 = -2*m. Let i(j) = -2*j**3 + 2*j**2 - 2*j - 3. What are the prime factors of i(m)?
5
Suppose -4 = 4*b - 32. Let f = b - 1. Let n = f - -2. List the prime factors of n.
2
Let f(x) = 5*x - 6. Let l be 1/(-4) - 147/(-28). List the prime factors of f(l).
19
Let h(c) = 35*c**2 + 7*c + 6. List the prime factors of h(-2).
2, 3, 11
Let u(l) be the third derivative of -3*l**4/8 - l**3/6 + 4*l**2. What are the prime factors of u(-2)?
17
Suppose 0 = -2*j - 4*u + 18, 11 + 1 = 4*u. Let a(l) = l**2 + l - 3. Let z be a(j). What are the prime factors of 2 + z + (-3)/3?
2, 5
Let x be (-22)/(-5) + 2/(-5). Suppose x*v = -v. Suppose -4*o - o + 60 = v. List the prime factors of o.
2, 3
Let k be ((-28)/8)/(2/4). Let f = k + 11. List the prime factors of f.
2
Let o = 6 - 3. Suppose 4*x - 10 = -x, 0 = 4*i + o*x - 38. Let h = i - 2. What are the prime factors of h?
2, 3
Let x = -183 - -375. What are the prime factors of x?
2, 3
Let h(d) = d**3 - 13*d**2 - d + 15. Let w be h(13). What are the prime factors of -3 + 0 + (9 - w)?
2
Suppose 0 = -5*i + 3*c + 21, 2*c = 4*i + 7*c - 39. Suppose -t + i = -6. What are the prime factors of t?
2, 3
Let q(p) be the third derivative of 0 + 0*p**4 + 1/6*p**3 + 4*p**2 + 0*p + 1/60*p**5. List the prime factors of q(1).
2
Suppose 2*d + 3 = 3*c + 46, -101 = -4*d + c. List the prime factors of d.
2, 13
Let b = -4 + 2. Let n be 3/(-3*b/6). Suppose -n*u + 14 = -25. List the prime factors of u.
13
Suppose i + 15 = 5*v, 11*i + 31 = 3*v + 6*i. Let c be (-12)/9 + v/(-3). What are the prime factors of -3 - -10 - (-2)/c?
2, 3
Suppose 9 = 2*n + n - 2*b, n - 8 = -b. Let i(z) = -z**3 - 5*z**2 - 7*z - 6. Let s be i(-4). Suppose s = f - n. List the prime factors of f.
11
Let f(o) be the second derivative of 2*o**3 - o. Let j be f(2). Suppose j = 2*t - 10. What are the prime factors of t?
17
Suppose 0 = -4*f - 5*a + 107, 0*f + a = 2*f - 43. List the prime factors of f.
23
Suppose -710 = -3*c - 2*c. Suppose 2*m + 2*m - c = -2*x, -2*m = 2*x - 76. List the prime factors of m.
3, 11
Let p(m) = m**3 - 5*m**2 + 4*m - 4. Let g be p(4). Let c = 1 - g. List the prime factors of c.
5
Let q be (-2)/(-2) + -1 + 2. Suppose -19 = -q*s + 5. List the prime factors of s.
2, 3
Suppose 0 = 2*m + 6, 3*k = -3*m + 2*m - 3. Suppose j + 0*j - 16 = k. List the prime factors of j.
2
Suppose 8*a = 4*a + 2*l + 374, -a - 5*l = -77. List the prime factors of a.
2, 23
Let f be (8/4)/(-1 + 3). What are the prime factors of (2 - (f + -4))/1?
5
Suppose 68 = -4*q + 240. Suppose 3*v = q + 44. List the prime factors of v.
29
Let u = 48 - -252. List the prime factors of u.
2, 3, 5
Suppose 0*h + 4*h - 384 = 0. List the prime factors of h.
2, 3
Let x = -4 - -4. Let d be (-1 - 11)/(1 + x). List the prime facto